n - 84. What is the remainder when n is divided by x(f)?
10
Let g be ((-4)/(-10))/((-3)/90). Let o = g - -25. Calculate the remainder when 64 is divided by o.
12
Suppose 175 = -4*l - 133. Let n = l + 134. What is the remainder when n is divided by 29?
28
Suppose -32 = -3*y + 4. Calculate the remainder when 35 is divided by y.
11
Let k(b) = -4*b + 2*b - 2*b. Suppose -2*m + 3*m = -3. Calculate the remainder when 22 is divided by k(m).
10
Suppose -56 + 17 = -3*x. Calculate the remainder when 24 is divided by x.
11
Let c = -21 - -36. Suppose -2*a - 2*f = -3*a + 35, 0 = 2*a - 3*f - 74. Calculate the remainder when a is divided by c.
13
Let d(k) = -3*k**3 + 4*k**2 + 3*k. Let n be d(-2). Let z = n - 15. Suppose -v = 7*v - 440. Calculate the remainder when v is divided by z.
17
Let u(f) = f**2 - 5*f - 4. Let h be u(-4). Suppose 4*v - h = -4*t, v = -7*t + 3*t - 7. What is the remainder when 37 is divided by v?
11
Let o = -14 + 17. Suppose 2*c + 3*j - 312 = -o*c, -310 = -5*c - 5*j. Calculate the remainder when c is divided by 22.
19
Let d be 6*1*(-3)/(-9). Suppose 3*p - 2*c - 23 = 0, -d*p + 1 = -3*p + 5*c. What is the remainder when 34 is divided by p?
7
Let r be (-2)/3 - (-17)/3. Suppose 5*x - 15 = r. Suppose -2*c = x*o - 26, o - 49 = -5*c - o. Calculate the remainder when 17 is divided by c.
8
Suppose -2*b - 4 = -32. Suppose -o + 3*v - 21 = 0, -6 = -5*v + b. Let u = o - -17. What is the remainder when 14 is divided by u?
6
Let l = -13 + 17. Calculate the remainder when 6 is divided by l.
2
Let l be (0 - -3)/(2/2). Suppose 4*c + 0*v + 2*v - 14 = 0, l*c - 7 = -5*v. Let r = 10 - c. What is the remainder when r is divided by 4?
2
Let r(n) = 2*n - 1. Let j be r(1). Suppose 7 - j = 2*c. Suppose 3*m - 4 = 5*x + 66, -c*x - 90 = -5*m. What is the remainder when 44 is divided by m?
14
Let f(j) = j**3 - 3*j**2 - 3*j. Let p be f(4). Let g(b) = b**3 - 2*b**2 - b - 3. Calculate the remainder when g(p) is divided by (-13)/(-4)*(4 + 0).
12
Let r = -14 + 29. Suppose 3*x - r = -0*x. What is the remainder when 20 is divided by (x - -2)/(3/3)?
6
Suppose -3*g + 3 = -12. Calculate the remainder when (26/(-4))/(1/(-2)) is divided by g.
3
Suppose j + 1 = 15. What is the remainder when 26 is divided by j?
12
Let o = 107 - 98. Calculate the remainder when o is divided by 3.
0
Suppose 0 = z, -i + z = -5*i + 76. What is the remainder when i is divided by 10?
9
Let r(g) = -g**2 + 5*g - 3. Let b be r(3). Suppose -b*k - 5 + 68 = 0. Let u = 28 - 17. What is the remainder when k is divided by u?
10
Let a(t) = -t**3 - 10*t**2 - 10*t - 4. Let n be 1*(-2)/(-2) - 2. Calculate the remainder when a(-9) is divided by 1/((1/n)/(-3)).
2
Suppose 0 = 2*k + 8, -5*c + 2*k + 25 - 2 = 0. Suppose -l - 4 = 4*l + w, c*w + 2 = -5*l. What is the remainder when 4*l/((-12)/21) is divided by 4?
3
Let r(o) = -2*o**3 - 2*o**2 + 8*o + 8. Let g = 109 + -31. Calculate the remainder when g is divided by r(-3).
18
Calculate the remainder when 26*(-1 + 6 - 4) is divided by 4.
2
Let j(v) = -v**2 + 15*v - 1. What is the remainder when (-326)/(-14) - 2/7 is divided by j(14)?
10
Suppose 5*h = -21 + 76. What is the remainder when 42 is divided by h?
9
Suppose -q = -4*p - 58, 2*p + p = -4*q + 213. What is the remainder when q is divided by 19?
16
Let y be ((-60)/(-9))/(-4)*-3. Suppose w = -u - 3*u + 148, 5*u - y*w = 160. What is the remainder when u is divided by 19?
17
Let f(p) = -p**2 - 8*p + 6. Let k be f(-8). Suppose 0 = -2*q + k + 14. What is the remainder when 29 is divided by q?
9
Suppose 0 + 54 = 6*p. Suppose -214 = -5*v - 69. Suppose 0 = -5*r + 2*k + 130, 0 = -r + 3*k - 3 + v. What is the remainder when r is divided by p?
8
Suppose w + 38 = -2*y, 3*y + w + 57 = 4*w. Let b = y + 27. Calculate the remainder when 22 is divided by b.
6
Let l be ((-2)/3)/(2/(-6)). Suppose 0 = 2*f + n + 14 - 35, 11 = 2*f + 3*n. What is the remainder when (1/3)/(l/150) is divided by f?
12
Let h = -9 + 28. Suppose v + h = -4*o, 0*v = -5*v + 4*o + 25. Let g(q) = q. Calculate the remainder when 1 is divided by g(v).
0
Let h be (1/((-4)/24))/(-2). What is the remainder when ((-27)/(-12))/(h/40) is divided by 8?
6
Suppose -8 = g - 3*g. Suppose g*c + 2 = 50. Let v = 72 - 37. Calculate the remainder when v is divided by c.
11
Suppose 5 = -5*a + 15. What is the remainder when (-88)/(-3) + a/(-6) is divided by 8?
5
Let g = 22 - 4. Calculate the remainder when g is divided by 6/10 + 66/15.
3
Let s(j) = 2*j**2 - 9*j - 9. Let o = 112 - 37. What is the remainder when o is divided by s(7)?
23
Suppose 5*a - 168 = 2*a + k, -9 = 3*k. Suppose -4*h - 25 = -81. Calculate the remainder when a is divided by h.
13
Let b = -5 + 1. Let z = b - -44. Let o(p) = p**2 - 2*p + 6. What is the remainder when z is divided by o(4)?
12
Suppose -f + 1064 = 4*z, -4*z - 8*f + 10*f + 1052 = 0. Calculate the remainder when z is divided by 14.
13
Suppose t = -3*d + 88, -3*d + d + 5*t = -53. Let u = -63 - -93. Suppose u = i + i. What is the remainder when d is divided by i?
14
Let o = -23 + 43. What is the remainder when 76 is divided by o?
16
Suppose -5*m = 17 - 162. Let f = -4 - -14. What is the remainder when m is divided by f?
9
What is the remainder when 51/(-6)*(5 + -19) is divided by 20?
19
Suppose 0 = 3*a - 3*y + 3, -2*a - a + 5*y = 5. Let q = a + -5. What is the remainder when 20 is divided by 68/10 + (-1)/q?
6
Suppose 17*b - 228 = -2*b. Suppose 3*x - 16 = 155. Calculate the remainder when x is divided by b.
9
Let c(s) = -3*s**3 + s. Suppose 3*v = v. Suppose v = j - 2 - 0. Calculate the remainder when c(-1) is divided by j.
0
Suppose -8 - 12 = -z. Suppose -z = -4*n + 48. Calculate the remainder when n is divided by 6.
5
Let m(u) be the first derivative of 7*u**3/3 - u**2/2 - u + 2. Let s(c) be the first derivative of m(c). Calculate the remainder when 37 is divided by s(1).
11
Let i(r) = 7*r - 19. What is the remainder when 217 is divided by i(9)?
41
Suppose 0 = 5*z + 2*w + 3*w + 20, w + 8 = -5*z. Let i = -49 - -108. Calculate the remainder when i is divided by -7 - -5 - 22/z.
19
Let f = 56 - 33. What is the remainder when f is divided by 12?
11
Let i = 373 + -622. What is the remainder when i/(-9) + (-4)/6 is divided by 14?
13
Suppose 0 = -3*d + 5*j + 221, -3*j = -0*d - 2*d + 147. Suppose 0 = -y + 5*y - d. Calculate the remainder when y is divided by 10.
8
Suppose 0 = 5*d - 0*d - 20. Suppose -17 = -u + 2*z, 4*u - 42 = -4*z - z. Calculate the remainder when u is divided by d.
1
Let u = 34 - -17. Let s = u - 17. What is the remainder when s is divided by 9?
7
What is the remainder when 0 + (-44)/2*-2 is divided by 12?
8
Let t(j) = -2*j - 3. What is the remainder when 6 is divided by t(-3)?
0
Suppose 3*p = -3*p + 618. Let s = -60 + p. Calculate the remainder when s is divided by 15.
13
Let w(u) = -2*u**2 - 3*u - 1. Let r be w(-3). Let z(b) = -2*b - 10. Let t be z(r). Calculate the remainder when 53 is divided by 138/t + (-1)/(-5).
11
Let m be 30/4 + 3/(-6). Let v(r) = r**3 - 8*r**2 + 8*r - 5. What is the remainder when 2 is divided by v(m)?
0
Let w(b) = 1. Let f(p) = p**2 + 7*p - 6. Let i(s) = -f(s) - 6*w(s). Let t be i(-6). Calculate the remainder when 5 is divided by (0 - t)*1/(-3).
1
Let t(o) = -2*o + 3. Calculate the remainder when 27 is divided by t(-6).
12
Suppose 0 = h - 4 - 0. Calculate the remainder when 7 is divided by h.
3
Suppose 9*n = 2*b + 4*n - 32, -b = 2*n + 2. Suppose -48 = b*y - 276. Calculate the remainder when y is divided by 14.
10
Let p(k) = k**2 - 7*k - 6. Suppose 5*x = 2*x + 30. Calculate the remainder when 71 is divided by p(x).
23
Suppose -2*d + 25 = 3*d. Let h(i) = -3*i - 3. Let a be h(-3). Let g = a + 7. Calculate the remainder when g is divided by d.
3
Let k(o) = 0 + o + 3 - 1 - 3. Calculate the remainder when 10 is divided by k(7).
4
Suppose 121 = 4*k - 2*t - 241, k - 80 = -3*t. Calculate the remainder when k is divided by 18.
17
Suppose q + 1 = -5*l - 2, 0 = 2*q - 2*l - 54. What is the remainder when q is divided by 4?
2
Suppose 2*n = -2, 5*w + 4*n - 2*n - 8 = 0. Let h be w/2*(1 - 15). Let j = -10 - h. Calculate the remainder when 11 is divided by j.
3
Suppose 2*s = 6*s - 16, -4*s = 2*v - 160. Suppose 5*x - x = v. Calculate the remainder when 69 is divided by x.
15
Suppose -22 = -5*v + 4*u, -2 = 4*v - 3*u - 19. Suppose -5*x + g - 26 